 the units digit of z?
2
Let y = 34 + -13. Suppose 0*c - y = -3*c. What is the units digit of c?
7
Suppose 4*a = 3*t, 4*a + 5*t + 8 = 6*t. Let p be (-1)/2 + 15/2. Let j = a + p. What is the units digit of j?
4
Let w = 7 - 5. Suppose w*z = -0*z + 14. What is the units digit of z?
7
What is the tens digit of (1/1)/(1 - 48/52)?
1
Suppose -5*l + 38 - 8 = -5*b, 12 = -b + 3*l. What is the units digit of ((-14)/(-6))/(b/(-9))?
7
Let u = -12 + 42. Suppose -4*n - u = -9*n. What is the units digit of n?
6
Let k(m) = 294*m**2 + 4*m + 3. What is the tens digit of k(-1)?
9
Suppose -4*z + 5*v = -2, 3*z = -0*z + v + 7. Suppose 0 = z*t - 26 - 1. What is the units digit of (-2)/9 + 83/t?
9
Let f(w) = 8*w**2 + 4*w + 2. What is the units digit of f(3)?
6
Let x(w) = w**3 - 7*w**2 - w + 5. Let u be x(7). Let o = u - -4. What is the units digit of o?
2
Suppose z = -5*f + 523, -2*z + 15 = 3*z. Suppose -9*g - f = -13*g. What is the units digit of g?
6
Let h be 0*(-1)/4*2. Let v be 18 - (h - 3)*1. Suppose 4*b - v = b. What is the units digit of b?
7
Suppose -1260 = m - 7*m. What is the units digit of m?
0
Let x = 149 - 130. What is the units digit of x?
9
Let u(g) = g**2 - 5*g - 1. Suppose 0 = -2*v + 15 - 3. Let l be u(v). What is the units digit of l + (1 + -1 - 2)?
3
Suppose -4*l - 6 = -j, -5*j + 8 = 3*l - l. Let m be 2/(j - 0) + 1. Suppose -3*f - m*f = -10. What is the units digit of f?
2
Let n be -3 + 1*(0 - -3). Suppose n = -0*m + 4*m + 8. What is the units digit of ((-3)/2)/(m/4)?
3
What is the hundreds digit of (0 + 10/4)/((-9)/(-396))?
1
Let k(x) = 31*x**2 - 6*x - 10. What is the hundreds digit of k(-2)?
1
Let b be 4/10 - (-16)/10. Suppose q + b = -0*q. What is the units digit of (-25)/(-4) - q/(-8)?
6
Let u(x) = -x**3 + 6*x**2 - x. What is the tens digit of u(4)?
2
Suppose -3*f = -18 - 84. What is the tens digit of f?
3
Let u(n) = n**3 - 9*n**2 + 8*n + 2. Let b be u(8). Suppose -13 = -o + 3*c, b*c + 0 = -o + 8. What is the units digit of o?
0
Let h = 30 - 56. Let b = h + 38. What is the tens digit of b?
1
Let k be (-1 - -7)*4/(-6). Let s = -3 - k. Suppose 2*w - w - s = 0. What is the units digit of w?
1
Let b(c) = 3*c + 3. Suppose 3*y = 8 - 20. Let t be b(y). Let w = -7 - t. What is the units digit of w?
2
Suppose -5*d - 8 = 7, i - 5*d + 27 = 0. Let c be (-4)/(-8) - i/(-4). Let s = c + 28. What is the tens digit of s?
1
Let v = 19 + -7. What is the tens digit of v?
1
Suppose h = 5*u - 2*h - 27, 5*u - 31 = 4*h. Let k = -1 + u. Suppose k*b - f + 6 = 16, -24 = -5*b + 2*f. What is the units digit of b?
4
Suppose 0 = -3*i - 4*t + 53, -t - 1 = -4*i + 76. What is the tens digit of i?
1
Let t(u) = 2*u - 3. Let z be t(3). Let v = -1 + z. Suppose -d - 9 = -v*d + 4*m, -3*d + 5*m = -20. What is the units digit of d?
5
What is the tens digit of (-3 + 3 + 3)/((-3)/(-39))?
3
Suppose 0 = -3*l - 3*x + 30, -4*l + 2*l = x - 17. Suppose l = 4*n - 1. What is the units digit of n?
2
Let l be 50/(-8)*(-1 + -3). Let r = -16 + l. What is the units digit of r?
9
Let p(a) = -8*a - 4*a + 0*a + 4*a. What is the units digit of p(-1)?
8
Let b be (-4)/(-6) - (-13)/3. Suppose -x - 1 = b. Let y = 8 + x. What is the units digit of y?
2
Let v be -3 - -2 - (1 - 32). Suppose 4*q = -2 - v. What is the units digit of q/6*9/(-6)?
2
Suppose -3*x + 0 = 3. Let g(i) = -14*i**3 - i**2 + 1. What is the units digit of g(x)?
4
Let n(v) = -v - 3*v - 2 + 3*v. Let j = 12 - 17. What is the units digit of n(j)?
3
Let v be (57/(-12))/(1/4). Suppose 59 = -5*m - 2*h, -m - 2*h + 6*h = 25. Let y = m - v. What is the units digit of y?
6
Let o(c) = -c**3 + 2*c**2 + 5*c - 4. Let a be o(3). Suppose -a = -p + 10. What is the units digit of p?
2
Suppose -9 = -4*r - 3*i, 2*r - 8 = -3*i - 5. Suppose r*y - 2*l - 34 = 0, 5*y - 12 - 28 = -5*l. What is the tens digit of y?
1
Suppose -o = 2*j - 22, 3*j - 15 = 3*o - 0*o. Suppose r = 4*r - j. Let d(y) = -y**2 + 3*y + 1. What is the units digit of d(r)?
1
Let y(j) = 15*j - 19. What is the units digit of y(5)?
6
Let b = -21 - -21. Suppose b*k - 84 = -4*k. What is the units digit of k?
1
Let n(q) = q**2 - q + 2. Let f(t) = -t - 8. Let l be f(-6). Let o = l - -5. What is the units digit of n(o)?
8
Suppose 0 = -109*a + 104*a + 690. What is the tens digit of a?
3
Let l be (1*-3)/(6/(-4)). Let j be 0 + 17/3 - 4/6. Suppose -j*s - g + 59 = 0, -l*s + 5 + 16 = 3*g. What is the tens digit of s?
1
Suppose -8*g + 6*g = 24. Let d be 17/3 - g/(-18). Suppose c + 2*r + 6 = 0, c + d*r = -12 - 6. What is the units digit of c?
2
Let c(v) = 3*v + 9. Let p(r) = -7*r - 19. Let z(y) = -9*c(y) - 4*p(y). Let n be z(6). Suppose -2*d = -13 + n. What is the units digit of d?
6
Let s = -580 + 892. What is the hundreds digit of s?
3
Let u = -7 - -12. Suppose 3*d - 4*d + 15 = -2*x, -u*d + 95 = -5*x. What is the units digit of d?
3
Suppose 4*o - 21 = 5*f, 0 = 4*o + o + 2*f - 18. Let a = -15 + 16. Let u = o - a. What is the units digit of u?
3
Let o(t) be the first derivative of t**3/3 - 5*t**2/2 + 4*t - 1. What is the units digit of o(6)?
0
Let v = 643 + -425. What is the tens digit of v?
1
Let p(m) = m**2 + 12*m + 14. What is the units digit of p(-11)?
3
Let f = -875 - 1063. What is the units digit of 2/13 + f/(-78)?
5
Let p = -9 - -23. Suppose -p = 2*z - 4*z. Suppose z = 2*b - 3. What is the units digit of b?
5
Let p be 3 - -2 - (0 + -1). Let n(m) = 0*m + 3*m - 6 + 1 - 4. What is the units digit of n(p)?
9
Suppose -5*g + 561 = -4*z, g - 105 = -z - 0*z. What is the hundreds digit of g?
1
Let j = 1 - 0. Let o be -3 - (4 - 3)/j. Let i(n) = -4*n - 6. What is the units digit of i(o)?
0
Suppose 5*o - 2*h = 60, -33 - 15 = -4*o - 3*h. What is the tens digit of o?
1
Suppose 2*r = -7 - 3. Let p = 4 - r. What is the units digit of p?
9
Suppose 7*z = z + 234. What is the tens digit of z?
3
Suppose -5*z + z = -2*v + 2, -v = 3*z + 14. Let m = -25 - -28. What is the units digit of (-17)/z - 2/m?
5
Let n be -2 + 3*8/6. Suppose 3*h - 22 = n. What is the units digit of h?
8
Suppose 958 = 9*a - 815. What is the units digit of a?
7
Let b(i) = 4*i**2 - 11. Let q(o) = 3*o**2 + o - 10. Let j(d) = 4*b(d) - 5*q(d). Let g = -17 - -21. What is the units digit of j(g)?
2
Suppose -2*j = 2 + 2. Let p(r) be the first derivative of r**3/3 + r**2 + r + 5. What is the units digit of p(j)?
1
Suppose 4 - 1 = 3*a. Suppose -2*j + 3 = a. What is the units digit of j?
1
Suppose 11*x - 12*x = -4. What is the units digit of x?
4
Suppose 0 = -i + 3*i + 14. Let r(f) = -f**2 - 10*f - 6. What is the units digit of r(i)?
5
What is the hundreds digit of -2 + 3 + -10 + 132?
1
What is the tens digit of (-1 - (-721)/21)/(2/18)?
0
Let o(q) = 11*q**3 + 2*q**2 - 2*q + 1. Let u(p) be the second derivative of -p**4/12 + p**3/2 + p**2/2 + p. Let m be u(3). What is the tens digit of o(m)?
1
Let i(c) = c + 9*c**2 - c - 3 + 0*c - 3*c - c**3. What is the tens digit of i(8)?
3
Let p = -1 + 0. Let m = p + -4. Let r = m - -9. What is the units digit of r?
4
What is the hundreds digit of 1*(-1)/(0 - -2)*-660?
3
Suppose -4*m - 3*l = -l - 2, -3*m + 5*l = -8. Let t(y) = 28*y + 2. What is the units digit of t(m)?
0
Suppose -g - 6 = 518. What is the tens digit of g/(-14) - (-21)/(-49)?
3
Suppose -3*w + 753 - 144 = 0. What is the hundreds digit of w?
2
Let f(h) = -h**2 - 5*h - 1. Let l be f(-4). Suppose -3*d = -21 + l. What is the units digit of 1*d + (0 - 0)?
6
Suppose 0 = -0*n - 2*n + 46. Let j = n + -14. What is the units digit of j?
9
Suppose -14*w + 17*w - 894 = -5*r, 525 = 3*r - 2*w. What is the units digit of r?
7
Suppose 0*v - 228 = -2*v. What is the hundreds digit of v?
1
Let n(d) = 7*d - 3. Let s be n(2). Let w = -7 + s. Suppose 2*v + 3*v = w*u - 28, -5*u - 3*v + 72 = 0. What is the units digit of u?
2
What is the units digit of 1/(-9) + (-598)/(-117)?
5
Suppose 0 = 4*l - 115 - 121. Suppose 3*i - 4*t - l = 0, 5*t = -3*i + 102 - 7. What is the units digit of i?
5
Let c be (20/(-8))/(1/(-2)). Suppose 4*h - 57 = -3*v, -c*v - 31 = -6. What is the units digit of h?
8
What is the units digit of (10 + -4)*(1 - 0)?
6
Suppose 0 = -4*a + 11 + 9, u + 6 = -a. What is the units digit of 3/(-1) + (0 - u)?
8
Let z = -38 - -77. What is the units digit of z?
9
Let n(s) = s + 1. Let r be n(-1). Suppose -8 = -r*b - b. What is the units digit of b?
8
Suppose -2*b - 56 = -3*b. What is the